{"id":203,"date":"2024-10-17T15:21:32","date_gmt":"2024-10-17T15:21:32","guid":{"rendered":"https:\/\/ieee.org.co\/la-cci2024\/?page_id=203"},"modified":"2024-11-15T03:29:16","modified_gmt":"2024-11-15T03:29:16","slug":"program","status":"publish","type":"page","link":"https:\/\/ieee.org.co\/la-cci2024\/program\/","title":{"rendered":"Program"},"content":{"rendered":"\n<p><\/p>\n\n\n\n<p><\/p>\n\n\n\n<p><strong>Program<\/strong><\/p>\n\n\n\n<p>For the paper&#8217;s authors, the program is divided into five <strong>Sessions<\/strong>:<\/p>\n\n\n\n<p><strong>Session I:<\/strong> Wednesday &#8211; November 13th &#8211; 14:00 &#8211; 16:00<br>NN &#8211; Track 1  &#8211; <strong>Sal\u00f3n 230 Claustro<\/strong><br>LM &#8211; Track 1  &#8211; <strong>Sal\u00f3n Burgos<\/strong><br>NN &#8211; Track 2 &#8211; <strong>Sal\u00f3n Calandaima<\/strong><\/p>\n\n\n\n<p><br><strong>Session II: <\/strong>Thursday &#8211; November 14th &#8211; 14:00 &#8211; 16:00<br>NN &#8211; Track 3  &#8211; <strong>Auditorio 4, Edificio Nuevo<\/strong><br>SI &#8211; Track 1  &#8211; <strong>Sal\u00f3n Burgos<\/strong><br>FS &#8211; Track  &#8211; <strong>Sal\u00f3n Calandaima<\/strong><\/p>\n\n\n\n<p><br><strong>Session III:<\/strong> Thursday &#8211; November 14th &#8211; 16:00 &#8211; 17:20<br>NN &#8211; Track 4  &#8211; <strong>Auditorio 4, Edificio Nuevo<\/strong><br>LM &#8211; Track 2  &#8211; <strong>Sal\u00f3n Burgos<\/strong><br>Apps &#8211; Track  &#8211; <strong>Sal\u00f3n Calandaima<\/strong><\/p>\n\n\n\n<p><br><strong>Session IV:<\/strong> Friday &#8211; November 15th &#8211; 14:00 &#8211; 16:00<br>NN &#8211; Track 5  &#8211; <strong>Auditorio 4, Edificio Nuevo<\/strong><br>LM &#8211; Track 3  &#8211; <strong>Sal\u00f3n Burgos<\/strong><br>NN &#8211; Track 7  &#8211; <strong>Sal\u00f3n Calandaima<\/strong><\/p>\n\n\n\n<p><br><strong>Session V:<\/strong> Friday &#8211; November 15th &#8211; 16:00 &#8211; 17:20<br>NN &#8211; Track 6  &#8211; <strong>Auditorio 4, Edificio Nuevo<\/strong><br>SI &#8211; Track 2  &#8211; <strong>Sal\u00f3n Burgos<\/strong><br><\/p>\n\n\n\n<p>In addition, the topics are divided into four <strong>Areas<\/strong> and each area has a different number of <strong>Tracks<\/strong>:<\/p>\n\n\n\n<p><strong>Neural Networks (NN):<\/strong> 7 Tracks<br><strong>Fuzzy Systems (FS):<\/strong> 1 Track<br><strong>Swarm Intelligence (SW):<\/strong> 2 Tracks<br><strong>Learning Systems (LS):<\/strong> 3 Tracks<br><strong>Applications (Apps):<\/strong> 1 Track<\/p>\n\n\n\n<p>Identify your <strong>Session<\/strong>, <strong>Area<\/strong>, and <strong>Track<\/strong> according to your ID paper.<\/p>\n\n\n\n<figure class=\"wp-block-image size-large\"><img loading=\"lazy\" decoding=\"async\" width=\"1024\" height=\"627\" src=\"https:\/\/ieee.org.co\/la-cci2024\/wp-content\/uploads\/sites\/15\/2024\/10\/image-2-1024x627.png\" alt=\"\" class=\"wp-image-219\" srcset=\"https:\/\/ieee.org.co\/la-cci2024\/wp-content\/uploads\/sites\/15\/2024\/10\/image-2-1024x627.png 1024w, https:\/\/ieee.org.co\/la-cci2024\/wp-content\/uploads\/sites\/15\/2024\/10\/image-2-300x184.png 300w, https:\/\/ieee.org.co\/la-cci2024\/wp-content\/uploads\/sites\/15\/2024\/10\/image-2-768x470.png 768w, https:\/\/ieee.org.co\/la-cci2024\/wp-content\/uploads\/sites\/15\/2024\/10\/image-2.png 1387w\" sizes=\"auto, (max-width: 1024px) 100vw, 1024px\" \/><\/figure>\n\n\n\n<p>Download the entire program <a href=\"https:\/\/ieee.org.co\/la-cci2024\/wp-content\/uploads\/sites\/15\/2024\/11\/PROGRAM-IEEE-LA-CCI-2024-5-Website.xlsx\">here<\/a>.<\/p>\n\n\n\n<p><strong>Locations<\/strong><\/p>\n\n\n\n<p><strong>Morning sessions:<\/strong>  <a href=\"https:\/\/maps.app.goo.gl\/DADzicMDzR3QFQN18\">Jockey Club<\/a> <\/p>\n\n\n\n<p>Approximately 125 meters north of the main entrance, crossing the main Transmilenio line (red bus)<\/p>\n\n\n\n<p><strong>Afternoon sessions:<\/strong> <a href=\"https:\/\/maps.app.goo.gl\/cu8ZuWhQhjS1udU57\">Casa Rosarista <\/a><\/p>\n\n\n\n<p>Entering by the main entrance straight to the south.<\/p>\n\n\n\n<figure class=\"wp-block-image size-large\"><img loading=\"lazy\" decoding=\"async\" width=\"1024\" height=\"448\" src=\"https:\/\/ieee.org.co\/la-cci2024\/wp-content\/uploads\/sites\/15\/2024\/11\/LA-CCI-2024-Map-Locations-1024x448.png\" alt=\"\" class=\"wp-image-238\" srcset=\"https:\/\/ieee.org.co\/la-cci2024\/wp-content\/uploads\/sites\/15\/2024\/11\/LA-CCI-2024-Map-Locations-1024x448.png 1024w, https:\/\/ieee.org.co\/la-cci2024\/wp-content\/uploads\/sites\/15\/2024\/11\/LA-CCI-2024-Map-Locations-300x131.png 300w, https:\/\/ieee.org.co\/la-cci2024\/wp-content\/uploads\/sites\/15\/2024\/11\/LA-CCI-2024-Map-Locations-768x336.png 768w, https:\/\/ieee.org.co\/la-cci2024\/wp-content\/uploads\/sites\/15\/2024\/11\/LA-CCI-2024-Map-Locations.png 1366w\" sizes=\"auto, (max-width: 1024px) 100vw, 1024px\" \/><\/figure>\n\n\n\n<p><\/p>\n\n\n\n<p>Locations for paper presentations:<\/p>\n\n\n\n<p>NN &#8211; Track 1 <br>LM &#8211; Track 1 <br>NN &#8211; Track 2<br><\/p>\n\n\n\n<p><\/p>\n\n\n\n<p>Location: Auditorio Jockey \u00abLocation:<br>Sala de Audiencias (Jockey)\u00bb \u00abLocation:<br>Salon 230<br>Claustro\u00bb<\/p>\n","protected":false},"excerpt":{"rendered":"<p>Program<\/p>\n<p>For the paper&#8217;s authors, the program is divided into five Sessions:<\/p>\n<p>Session I: Wednesday &#8211; November 13th &#8211; 14:00 &#8211; 16:00NN &#8211; Track 1  &#8211; Sal\u00f3n 230 ClaustroLM &#8211; Track 1  &#8211; Sal\u00f3n BurgosNN &#8211; Track 2 &#8211; Sal\u00f3n Calandaima<\/p>\n<p>Session II: Thursday &#8211; November &#8230;<\/p>\n","protected":false},"author":7,"featured_media":0,"parent":0,"menu_order":0,"comment_status":"closed","ping_status":"closed","template":"","meta":{"footnotes":""},"class_list":["post-203","page","type-page","status-publish","hentry"],"aioseo_notices":[],"_links":{"self":[{"href":"https:\/\/ieee.org.co\/la-cci2024\/wp-json\/wp\/v2\/pages\/203","targetHints":{"allow":["GET"]}}],"collection":[{"href":"https:\/\/ieee.org.co\/la-cci2024\/wp-json\/wp\/v2\/pages"}],"about":[{"href":"https:\/\/ieee.org.co\/la-cci2024\/wp-json\/wp\/v2\/types\/page"}],"author":[{"embeddable":true,"href":"https:\/\/ieee.org.co\/la-cci2024\/wp-json\/wp\/v2\/users\/7"}],"replies":[{"embeddable":true,"href":"https:\/\/ieee.org.co\/la-cci2024\/wp-json\/wp\/v2\/comments?post=203"}],"version-history":[{"count":11,"href":"https:\/\/ieee.org.co\/la-cci2024\/wp-json\/wp\/v2\/pages\/203\/revisions"}],"predecessor-version":[{"id":254,"href":"https:\/\/ieee.org.co\/la-cci2024\/wp-json\/wp\/v2\/pages\/203\/revisions\/254"}],"wp:attachment":[{"href":"https:\/\/ieee.org.co\/la-cci2024\/wp-json\/wp\/v2\/media?parent=203"}],"curies":[{"name":"wp","href":"https:\/\/api.w.org\/{rel}","templated":true}]}}