{"id":37,"date":"2023-12-19T23:23:45","date_gmt":"2023-12-19T23:23:45","guid":{"rendered":"https:\/\/ieee.org.co\/la-cci2024\/?page_id=37"},"modified":"2024-04-16T13:32:58","modified_gmt":"2024-04-16T13:32:58","slug":"committees","status":"publish","type":"page","link":"https:\/\/ieee.org.co\/la-cci2024\/committees\/","title":{"rendered":"Conference Committee"},"content":{"rendered":"\n<figure class=\"wp-block-table aligncenter is-style-stripes\"><table><tbody><tr><td class=\"has-text-align-center\" data-align=\"center\"><\/td><td><\/td><td class=\"has-text-align-center\" data-align=\"center\"><strong>General Chair<\/strong><\/td><\/tr><tr><td class=\"has-text-align-center\" data-align=\"center\"><\/td><td><\/td><td class=\"has-text-align-center\" data-align=\"center\"><img loading=\"lazy\" decoding=\"async\" width=\"400\" height=\"400\" class=\"wp-image-44\" style=\"width: 150px\" src=\"https:\/\/ieee.org.co\/la-cci2024\/wp-content\/uploads\/sites\/15\/2023\/12\/ADOC-modified.png\" alt=\"\" srcset=\"https:\/\/ieee.org.co\/la-cci2024\/wp-content\/uploads\/sites\/15\/2023\/12\/ADOC-modified.png 400w, https:\/\/ieee.org.co\/la-cci2024\/wp-content\/uploads\/sites\/15\/2023\/12\/ADOC-modified-300x300.png 300w, https:\/\/ieee.org.co\/la-cci2024\/wp-content\/uploads\/sites\/15\/2023\/12\/ADOC-modified-150x150.png 150w\" sizes=\"auto, (max-width: 400px) 100vw, 400px\" \/><\/td><\/tr><tr><td class=\"has-text-align-center\" data-align=\"center\"><\/td><td><\/td><td class=\"has-text-align-center\" data-align=\"center\">Alvaro David Orjuela-Ca\u00f1\u00f3n <br>School of Medicine and Health Sciences <br>Universidad del Rosario, Colombia<\/td><\/tr><tr><td class=\"has-text-align-center\" data-align=\"center\"><\/td><td><\/td><td class=\"has-text-align-center\" data-align=\"center\"><strong>Honorary Chair<\/strong><\/td><\/tr><tr><td class=\"has-text-align-center\" data-align=\"center\"><\/td><td><\/td><td class=\"has-text-align-center\" data-align=\"center\"><img loading=\"lazy\" decoding=\"async\" width=\"182\" height=\"182\" class=\"wp-image-124\" style=\"width: 150px\" src=\"https:\/\/ieee.org.co\/la-cci2024\/wp-content\/uploads\/sites\/15\/2024\/02\/Pablo-Estevez-modified.png\" alt=\"\" srcset=\"https:\/\/ieee.org.co\/la-cci2024\/wp-content\/uploads\/sites\/15\/2024\/02\/Pablo-Estevez-modified.png 182w, https:\/\/ieee.org.co\/la-cci2024\/wp-content\/uploads\/sites\/15\/2024\/02\/Pablo-Estevez-modified-150x150.png 150w\" sizes=\"auto, (max-width: 182px) 100vw, 182px\" \/><\/td><\/tr><tr><td class=\"has-text-align-center\" data-align=\"center\"><\/td><td><\/td><td class=\"has-text-align-center\" data-align=\"center\">Pablo Estevez<br>Universidad de Chile, Chile<\/td><\/tr><tr><td class=\"has-text-align-center\" data-align=\"center\"><strong>&nbsp;<\/strong> <\/td><td><\/td><td class=\"has-text-align-center\" data-align=\"center\"><strong>General Program Chairs<\/strong><\/td><\/tr><tr><td class=\"has-text-align-center\" data-align=\"center\"><img loading=\"lazy\" decoding=\"async\" width=\"139\" height=\"139\" class=\"wp-image-97\" style=\"width: 139px\" src=\"https:\/\/ieee.org.co\/la-cci2024\/wp-content\/uploads\/sites\/15\/2024\/02\/Jesus-Lopez-modified.png\" alt=\"\"><\/td><td><\/td><td class=\"has-text-align-center\" data-align=\"center\"><img loading=\"lazy\" decoding=\"async\" width=\"137\" height=\"137\" class=\"wp-image-54\" style=\"width: 137px\" src=\"https:\/\/ieee.org.co\/la-cci2024\/wp-content\/uploads\/sites\/15\/2023\/12\/YT-modified.png\" alt=\"\"><\/td><td><\/td><td class=\"has-text-align-center\" data-align=\"center\"><img loading=\"lazy\" decoding=\"async\" width=\"323\" height=\"323\" class=\"wp-image-98\" style=\"width: 150px\" src=\"https:\/\/ieee.org.co\/la-cci2024\/wp-content\/uploads\/sites\/15\/2024\/02\/Jose-Alfredo-Costa-modified.png\" alt=\"\" srcset=\"https:\/\/ieee.org.co\/la-cci2024\/wp-content\/uploads\/sites\/15\/2024\/02\/Jose-Alfredo-Costa-modified.png 323w, https:\/\/ieee.org.co\/la-cci2024\/wp-content\/uploads\/sites\/15\/2024\/02\/Jose-Alfredo-Costa-modified-300x300.png 300w, https:\/\/ieee.org.co\/la-cci2024\/wp-content\/uploads\/sites\/15\/2024\/02\/Jose-Alfredo-Costa-modified-150x150.png 150w\" sizes=\"auto, (max-width: 323px) 100vw, 323px\" \/><\/td><\/tr><tr><td class=\"has-text-align-center\" data-align=\"center\">Jesus Lopez <br>Universidad Aut\u00f3noma de Occidente, Colombia<\/td><td><\/td><td class=\"has-text-align-center\" data-align=\"center\">Yv\u00e1n T\u00fapac <br>Universidad Cat\u00f3lica San Pablo, Peru<\/td><td><\/td><td class=\"has-text-align-center\" data-align=\"center\">Jose Alfredo Costa<br>Universidade Federal do Rio Grande do Norte, Brazil<\/td><\/tr><tr><td class=\"has-text-align-center\" data-align=\"center\"><strong>&nbsp;<\/strong> <\/td><td><\/td><td class=\"has-text-align-center\" data-align=\"center\"><strong>Neural Networks Track Program Chairs<\/strong><\/td><\/tr><tr><td class=\"has-text-align-center\" data-align=\"center\"><img loading=\"lazy\" decoding=\"async\" width=\"839\" height=\"839\" class=\"wp-image-94\" style=\"width: 150px\" src=\"https:\/\/ieee.org.co\/la-cci2024\/wp-content\/uploads\/sites\/15\/2024\/02\/Cesar-Valencia-modified.png\" alt=\"\" srcset=\"https:\/\/ieee.org.co\/la-cci2024\/wp-content\/uploads\/sites\/15\/2024\/02\/Cesar-Valencia-modified.png 839w, https:\/\/ieee.org.co\/la-cci2024\/wp-content\/uploads\/sites\/15\/2024\/02\/Cesar-Valencia-modified-300x300.png 300w, https:\/\/ieee.org.co\/la-cci2024\/wp-content\/uploads\/sites\/15\/2024\/02\/Cesar-Valencia-modified-150x150.png 150w, https:\/\/ieee.org.co\/la-cci2024\/wp-content\/uploads\/sites\/15\/2024\/02\/Cesar-Valencia-modified-768x768.png 768w\" sizes=\"auto, (max-width: 839px) 100vw, 839px\" \/><\/td><td><\/td><td class=\"has-text-align-center\" data-align=\"center\"><img loading=\"lazy\" decoding=\"async\" width=\"854\" height=\"854\" class=\"wp-image-100\" style=\"width: 150px\" src=\"https:\/\/ieee.org.co\/la-cci2024\/wp-content\/uploads\/sites\/15\/2024\/02\/Leonardo-Forero-modified.png\" alt=\"\" srcset=\"https:\/\/ieee.org.co\/la-cci2024\/wp-content\/uploads\/sites\/15\/2024\/02\/Leonardo-Forero-modified.png 854w, https:\/\/ieee.org.co\/la-cci2024\/wp-content\/uploads\/sites\/15\/2024\/02\/Leonardo-Forero-modified-300x300.png 300w, https:\/\/ieee.org.co\/la-cci2024\/wp-content\/uploads\/sites\/15\/2024\/02\/Leonardo-Forero-modified-150x150.png 150w, https:\/\/ieee.org.co\/la-cci2024\/wp-content\/uploads\/sites\/15\/2024\/02\/Leonardo-Forero-modified-768x768.png 768w\" sizes=\"auto, (max-width: 854px) 100vw, 854px\" \/><\/td><td><\/td><td class=\"has-text-align-center\" data-align=\"center\"><img loading=\"lazy\" decoding=\"async\" width=\"937\" height=\"937\" class=\"wp-image-149\" style=\"width: 150px\" src=\"https:\/\/ieee.org.co\/la-cci2024\/wp-content\/uploads\/sites\/15\/2024\/03\/Evelyn-Batista-modified.png\" alt=\"\" srcset=\"https:\/\/ieee.org.co\/la-cci2024\/wp-content\/uploads\/sites\/15\/2024\/03\/Evelyn-Batista-modified.png 937w, https:\/\/ieee.org.co\/la-cci2024\/wp-content\/uploads\/sites\/15\/2024\/03\/Evelyn-Batista-modified-300x300.png 300w, https:\/\/ieee.org.co\/la-cci2024\/wp-content\/uploads\/sites\/15\/2024\/03\/Evelyn-Batista-modified-150x150.png 150w, https:\/\/ieee.org.co\/la-cci2024\/wp-content\/uploads\/sites\/15\/2024\/03\/Evelyn-Batista-modified-768x768.png 768w\" sizes=\"auto, (max-width: 937px) 100vw, 937px\" \/><\/td><\/tr><tr><td class=\"has-text-align-center\" data-align=\"center\">Cesar Valencia Ni\u00f1o <br>Universidad Santo Tom\u00e1s \u2013 Bucaramanga, Colombia<\/td><td><\/td><td class=\"has-text-align-center\" data-align=\"center\">Leonardo Forero Mendoza<br>Universidade Estadual do Rio de Janeiro, Brazil<\/td><td><\/td><td class=\"has-text-align-center\" data-align=\"center\">Evelyn Batista<br>Pontif\u00edcia Universidade Cat\u00f3lica do Rio de Janeiro, Brazil<\/td><\/tr><tr><td class=\"has-text-align-center\" data-align=\"center\"><strong>&nbsp;<\/strong> <\/td><td><\/td><td class=\"has-text-align-center\" data-align=\"center\"><strong>Fuzzy Track Program Chairs<\/strong><\/td><\/tr><tr><td class=\"has-text-align-center\" data-align=\"center\"><img loading=\"lazy\" decoding=\"async\" width=\"305\" height=\"305\" class=\"wp-image-105\" style=\"width: 150px\" src=\"https:\/\/ieee.org.co\/la-cci2024\/wp-content\/uploads\/sites\/15\/2024\/02\/JuanFigueroa.png\" alt=\"\" srcset=\"https:\/\/ieee.org.co\/la-cci2024\/wp-content\/uploads\/sites\/15\/2024\/02\/JuanFigueroa.png 305w, https:\/\/ieee.org.co\/la-cci2024\/wp-content\/uploads\/sites\/15\/2024\/02\/JuanFigueroa-300x300.png 300w, https:\/\/ieee.org.co\/la-cci2024\/wp-content\/uploads\/sites\/15\/2024\/02\/JuanFigueroa-150x150.png 150w\" sizes=\"auto, (max-width: 305px) 100vw, 305px\" \/><\/td><td><\/td><td class=\"has-text-align-center\" data-align=\"center\"><img loading=\"lazy\" decoding=\"async\" width=\"192\" height=\"192\" class=\"wp-image-101\" style=\"width: 150px\" src=\"https:\/\/ieee.org.co\/la-cci2024\/wp-content\/uploads\/sites\/15\/2024\/02\/Marley-Vellasco-modified.png\" alt=\"\" srcset=\"https:\/\/ieee.org.co\/la-cci2024\/wp-content\/uploads\/sites\/15\/2024\/02\/Marley-Vellasco-modified.png 192w, https:\/\/ieee.org.co\/la-cci2024\/wp-content\/uploads\/sites\/15\/2024\/02\/Marley-Vellasco-modified-150x150.png 150w\" sizes=\"auto, (max-width: 192px) 100vw, 192px\" \/><\/td><td><\/td><td class=\"has-text-align-center\" data-align=\"center\"><\/td><\/tr><tr><td class=\"has-text-align-center\" data-align=\"center\">Juan Carlos Figueroa-Garc\u00eda<br>Universidad Distrital Francisco Jos\u00e9 de Caldas, Colombia<\/td><td><\/td><td class=\"has-text-align-center\" data-align=\"center\">Marley Vellasco <br>Pontificia Universidade Cat\u00f3lica do Rio Janeiro, Brazil<\/td><td><\/td><td class=\"has-text-align-center\" data-align=\"center\"><\/td><\/tr><tr><td class=\"has-text-align-center\" data-align=\"center\"><\/td><td><\/td><td class=\"has-text-align-center\" data-align=\"center\"><strong>&nbsp;<\/strong> <strong>Swarm Intelligence and Evolutionary Computation Track Program Chairs<\/strong><\/td><\/tr><tr><td class=\"has-text-align-center\" data-align=\"center\"><img loading=\"lazy\" decoding=\"async\" width=\"203\" height=\"203\" class=\"wp-image-45\" style=\"width: 150px\" src=\"https:\/\/ieee.org.co\/la-cci2024\/wp-content\/uploads\/sites\/15\/2023\/12\/CBF-modified.png\" alt=\"\" srcset=\"https:\/\/ieee.org.co\/la-cci2024\/wp-content\/uploads\/sites\/15\/2023\/12\/CBF-modified.png 203w, https:\/\/ieee.org.co\/la-cci2024\/wp-content\/uploads\/sites\/15\/2023\/12\/CBF-modified-150x150.png 150w\" sizes=\"auto, (max-width: 203px) 100vw, 203px\" \/><\/td><td><\/td><td class=\"has-text-align-center\" data-align=\"center\"><img loading=\"lazy\" decoding=\"async\" width=\"373\" height=\"373\" class=\"wp-image-48\" style=\"width: 150px\" src=\"https:\/\/ieee.org.co\/la-cci2024\/wp-content\/uploads\/sites\/15\/2023\/12\/FB-modified.png\" alt=\"\" srcset=\"https:\/\/ieee.org.co\/la-cci2024\/wp-content\/uploads\/sites\/15\/2023\/12\/FB-modified.png 373w, https:\/\/ieee.org.co\/la-cci2024\/wp-content\/uploads\/sites\/15\/2023\/12\/FB-modified-300x300.png 300w, https:\/\/ieee.org.co\/la-cci2024\/wp-content\/uploads\/sites\/15\/2023\/12\/FB-modified-150x150.png 150w\" sizes=\"auto, (max-width: 373px) 100vw, 373px\" \/><\/td><td><\/td><td class=\"has-text-align-center\" data-align=\"center\"><img loading=\"lazy\" decoding=\"async\" width=\"364\" height=\"364\" class=\"wp-image-166\" style=\"width: 150px\" src=\"https:\/\/ieee.org.co\/la-cci2024\/wp-content\/uploads\/sites\/15\/2024\/04\/Harold-De-Mello-Junior-modified.png\" alt=\"\" srcset=\"https:\/\/ieee.org.co\/la-cci2024\/wp-content\/uploads\/sites\/15\/2024\/04\/Harold-De-Mello-Junior-modified.png 364w, https:\/\/ieee.org.co\/la-cci2024\/wp-content\/uploads\/sites\/15\/2024\/04\/Harold-De-Mello-Junior-modified-300x300.png 300w, https:\/\/ieee.org.co\/la-cci2024\/wp-content\/uploads\/sites\/15\/2024\/04\/Harold-De-Mello-Junior-modified-150x150.png 150w\" sizes=\"auto, (max-width: 364px) 100vw, 364px\" \/><\/td><\/tr><tr><td class=\"has-text-align-center\" data-align=\"center\">Carmelo Bastos Filho <br>Universidade de Pernambuco, Brazil<\/td><td><\/td><td class=\"has-text-align-center\" data-align=\"center\">Fernando Buarque <br>Universidade de Pernambuco, Brazil<\/td><td><\/td><td class=\"has-text-align-center\" data-align=\"center\">Harold Dias de Mello Junior<br>Universidade do Estado do Rio de Janeiro, Brazil<\/td><\/tr><tr><td class=\"has-text-align-center\" data-align=\"center\"><strong>&nbsp;<\/strong> <\/td><td><\/td><td class=\"has-text-align-center\" data-align=\"center\"><strong>General Technical Chairs<\/strong><\/td><\/tr><tr><td class=\"has-text-align-center\" data-align=\"center\"><img loading=\"lazy\" decoding=\"async\" width=\"230\" height=\"231\" class=\"wp-image-106\" style=\"width: 150px\" src=\"https:\/\/ieee.org.co\/la-cci2024\/wp-content\/uploads\/sites\/15\/2024\/02\/JulianArias.png\" alt=\"\" srcset=\"https:\/\/ieee.org.co\/la-cci2024\/wp-content\/uploads\/sites\/15\/2024\/02\/JulianArias.png 230w, https:\/\/ieee.org.co\/la-cci2024\/wp-content\/uploads\/sites\/15\/2024\/02\/JulianArias-150x150.png 150w\" sizes=\"auto, (max-width: 230px) 100vw, 230px\" \/><\/td><td><\/td><td class=\"has-text-align-center\" data-align=\"center\"><img loading=\"lazy\" decoding=\"async\" width=\"305\" height=\"305\" class=\"wp-image-105\" style=\"width: 150px\" src=\"https:\/\/ieee.org.co\/la-cci2024\/wp-content\/uploads\/sites\/15\/2024\/02\/JuanFigueroa.png\" alt=\"\" srcset=\"https:\/\/ieee.org.co\/la-cci2024\/wp-content\/uploads\/sites\/15\/2024\/02\/JuanFigueroa.png 305w, https:\/\/ieee.org.co\/la-cci2024\/wp-content\/uploads\/sites\/15\/2024\/02\/JuanFigueroa-300x300.png 300w, https:\/\/ieee.org.co\/la-cci2024\/wp-content\/uploads\/sites\/15\/2024\/02\/JuanFigueroa-150x150.png 150w\" sizes=\"auto, (max-width: 305px) 100vw, 305px\" \/><\/td><td><\/td><td class=\"has-text-align-center\" data-align=\"center\"><img loading=\"lazy\" decoding=\"async\" width=\"1473\" height=\"1473\" class=\"wp-image-165\" style=\"width: 150px\" src=\"https:\/\/ieee.org.co\/la-cci2024\/wp-content\/uploads\/sites\/15\/2024\/04\/Ilse_Cervantes-modified-min.png\" alt=\"\" srcset=\"https:\/\/ieee.org.co\/la-cci2024\/wp-content\/uploads\/sites\/15\/2024\/04\/Ilse_Cervantes-modified-min.png 1473w, https:\/\/ieee.org.co\/la-cci2024\/wp-content\/uploads\/sites\/15\/2024\/04\/Ilse_Cervantes-modified-min-300x300.png 300w, https:\/\/ieee.org.co\/la-cci2024\/wp-content\/uploads\/sites\/15\/2024\/04\/Ilse_Cervantes-modified-min-1024x1024.png 1024w, https:\/\/ieee.org.co\/la-cci2024\/wp-content\/uploads\/sites\/15\/2024\/04\/Ilse_Cervantes-modified-min-150x150.png 150w, https:\/\/ieee.org.co\/la-cci2024\/wp-content\/uploads\/sites\/15\/2024\/04\/Ilse_Cervantes-modified-min-768x768.png 768w\" sizes=\"auto, (max-width: 1473px) 100vw, 1473px\" \/><\/td><\/tr><tr><td class=\"has-text-align-center\" data-align=\"center\">Juli\u00e1n David Arias-Londo\u00f1o<br>Universidad Polit\u00e9cnica de Madrid, Spain<\/td><td><\/td><td class=\"has-text-align-center\" data-align=\"center\">Juan Carlos Figueroa-Garc\u00eda<br>Universidad Distrital Francisco Jos\u00e9 de Caldas, Colombia<\/td><td><\/td><td class=\"has-text-align-center\" data-align=\"center\">Ilse Cervantes Camacho<br>Centro de Investigaci\u00f3n en Ciencia Aplicada y <br>Tecnolog\u00eda Avanzada-Quer\u00e9taro<br>(CICATA Quer\u00e9taro),<br>Instituto Polit\u00e9cnico Nacional, Mexico<\/td><\/tr><tr><td class=\"has-text-align-center\" data-align=\"center\"><strong>&nbsp;<\/strong> <\/td><td><\/td><td class=\"has-text-align-center\" data-align=\"center\"><strong>Publications Chairs<\/strong><\/td><\/tr><tr><td class=\"has-text-align-center\" data-align=\"center\"><img loading=\"lazy\" decoding=\"async\" width=\"1062\" height=\"1062\" class=\"wp-image-95\" style=\"width: 150px\" src=\"https:\/\/ieee.org.co\/la-cci2024\/wp-content\/uploads\/sites\/15\/2024\/02\/Diana-Briceno-modified.png\" alt=\"\" srcset=\"https:\/\/ieee.org.co\/la-cci2024\/wp-content\/uploads\/sites\/15\/2024\/02\/Diana-Briceno-modified.png 1062w, https:\/\/ieee.org.co\/la-cci2024\/wp-content\/uploads\/sites\/15\/2024\/02\/Diana-Briceno-modified-300x300.png 300w, https:\/\/ieee.org.co\/la-cci2024\/wp-content\/uploads\/sites\/15\/2024\/02\/Diana-Briceno-modified-1024x1024.png 1024w, https:\/\/ieee.org.co\/la-cci2024\/wp-content\/uploads\/sites\/15\/2024\/02\/Diana-Briceno-modified-150x150.png 150w, https:\/\/ieee.org.co\/la-cci2024\/wp-content\/uploads\/sites\/15\/2024\/02\/Diana-Briceno-modified-768x768.png 768w\" sizes=\"auto, (max-width: 1062px) 100vw, 1062px\" \/><\/td><td><\/td><td class=\"has-text-align-center\" data-align=\"center\"><img loading=\"lazy\" decoding=\"async\" width=\"378\" height=\"378\" class=\"wp-image-102\" style=\"width: 150px\" src=\"https:\/\/ieee.org.co\/la-cci2024\/wp-content\/uploads\/sites\/15\/2024\/02\/Oscar-Suarez-modified-modified.png\" alt=\"\" srcset=\"https:\/\/ieee.org.co\/la-cci2024\/wp-content\/uploads\/sites\/15\/2024\/02\/Oscar-Suarez-modified-modified.png 378w, https:\/\/ieee.org.co\/la-cci2024\/wp-content\/uploads\/sites\/15\/2024\/02\/Oscar-Suarez-modified-modified-300x300.png 300w, https:\/\/ieee.org.co\/la-cci2024\/wp-content\/uploads\/sites\/15\/2024\/02\/Oscar-Suarez-modified-modified-150x150.png 150w\" sizes=\"auto, (max-width: 378px) 100vw, 378px\" \/><\/td><td><\/td><td class=\"has-text-align-center\" data-align=\"center\"><\/td><\/tr><tr><td class=\"has-text-align-center\" data-align=\"center\">Diana Brice\u00f1o <br>Universidade Estadual de Campinas, Brazil<\/td><td><\/td><td class=\"has-text-align-center\" data-align=\"center\">Oscar J. Su\u00e1rez <br>Universidad de Pamplona, Colombia<\/td><td><\/td><td class=\"has-text-align-center\" data-align=\"center\"><\/td><\/tr><tr><td class=\"has-text-align-center\" data-align=\"center\"><\/td><td><\/td><td class=\"has-text-align-center\" data-align=\"center\"><strong>&nbsp;<\/strong> <strong>Financial Chair<\/strong><\/td><\/tr><tr><td class=\"has-text-align-center\" data-align=\"center\"><\/td><td><\/td><td class=\"has-text-align-center\" data-align=\"center\"><img loading=\"lazy\" decoding=\"async\" width=\"405\" height=\"405\" class=\"wp-image-99\" style=\"width: 150px\" src=\"https:\/\/ieee.org.co\/la-cci2024\/wp-content\/uploads\/sites\/15\/2024\/02\/Leidy-Ferro-modified.png\" alt=\"\" srcset=\"https:\/\/ieee.org.co\/la-cci2024\/wp-content\/uploads\/sites\/15\/2024\/02\/Leidy-Ferro-modified.png 405w, https:\/\/ieee.org.co\/la-cci2024\/wp-content\/uploads\/sites\/15\/2024\/02\/Leidy-Ferro-modified-300x300.png 300w, https:\/\/ieee.org.co\/la-cci2024\/wp-content\/uploads\/sites\/15\/2024\/02\/Leidy-Ferro-modified-150x150.png 150w\" sizes=\"auto, (max-width: 405px) 100vw, 405px\" \/><\/td><\/tr><tr><td class=\"has-text-align-center\" data-align=\"center\"><\/td><td><\/td><td class=\"has-text-align-center\" data-align=\"center\">Leidy Ferro <br>IEEE Colombia Section &amp; Ecopetrol, Colombia<\/td><\/tr><tr><td class=\"has-text-align-center\" data-align=\"center\"><\/td><td><\/td><td class=\"has-text-align-center\" data-align=\"center\"><strong>Student Activities Chair<\/strong><\/td><\/tr><tr><td class=\"has-text-align-center\" data-align=\"center\"><\/td><td><\/td><td class=\"has-text-align-center\" data-align=\"center\"><img loading=\"lazy\" decoding=\"async\" width=\"132\" height=\"132\" class=\"wp-image-174\" style=\"width: 132px\" src=\"https:\/\/ieee.org.co\/la-cci2024\/wp-content\/uploads\/sites\/15\/2024\/04\/Luis-Loo-modified.png\" alt=\"\"><\/td><\/tr><tr><td class=\"has-text-align-center\" data-align=\"center\"><\/td><td><\/td><td class=\"has-text-align-center\" data-align=\"center\">Luis Loo<br>Texas A&amp;M University<br>TAMIDS Data Science Ambassador<\/td><\/tr><\/tbody><\/table><\/figure>\n\n\n\n<p><\/p>\n\n\n\n<p><\/p>\n","protected":false},"excerpt":{"rendered":"<p>General ChairAlvaro David Orjuela-Ca\u00f1\u00f3n School of Medicine and Health Sciences Universidad del Rosario, ColombiaHonorary ChairPablo EstevezUniversidad de Chile, Chile&nbsp; General Program ChairsJesus Lopez Universidad Aut\u00f3noma de Occidente, ColombiaYv\u00e1n T\u00fapac Universidad Cat\u00f3lica San Pablo, PeruJose Alfredo CostaUniversidade Federal do Rio Grande do Norte, Brazil&nbsp; Neural Networks &#8230;<\/p>\n","protected":false},"author":7,"featured_media":0,"parent":0,"menu_order":0,"comment_status":"closed","ping_status":"closed","template":"","meta":{"footnotes":""},"class_list":["post-37","page","type-page","status-publish","hentry"],"aioseo_notices":[],"_links":{"self":[{"href":"https:\/\/ieee.org.co\/la-cci2024\/wp-json\/wp\/v2\/pages\/37","targetHints":{"allow":["GET"]}}],"collection":[{"href":"https:\/\/ieee.org.co\/la-cci2024\/wp-json\/wp\/v2\/pages"}],"about":[{"href":"https:\/\/ieee.org.co\/la-cci2024\/wp-json\/wp\/v2\/types\/page"}],"author":[{"embeddable":true,"href":"https:\/\/ieee.org.co\/la-cci2024\/wp-json\/wp\/v2\/users\/7"}],"replies":[{"embeddable":true,"href":"https:\/\/ieee.org.co\/la-cci2024\/wp-json\/wp\/v2\/comments?post=37"}],"version-history":[{"count":20,"href":"https:\/\/ieee.org.co\/la-cci2024\/wp-json\/wp\/v2\/pages\/37\/revisions"}],"predecessor-version":[{"id":175,"href":"https:\/\/ieee.org.co\/la-cci2024\/wp-json\/wp\/v2\/pages\/37\/revisions\/175"}],"wp:attachment":[{"href":"https:\/\/ieee.org.co\/la-cci2024\/wp-json\/wp\/v2\/media?parent=37"}],"curies":[{"name":"wp","href":"https:\/\/api.w.org\/{rel}","templated":true}]}}